. What is the units digit of m?
0
What is the units digit of (147/(-28))/(2/(-336))?
2
Let h(t) = 73*t + 9. Let b be h(11). Suppose -4*v - 136 = -b. Suppose -p + 103 = 3*m, 2*p - v = -5*m - p. What is the units digit of m?
5
Let l = 49 - 45. Suppose -r = -0*r - 3. Suppose 3*w = -l*j + 67, -4*j + 77 = r*w - 2*j. What is the units digit of w?
9
Let x(o) = 153*o - 479. What is the units digit of x(32)?
7
Suppose -2*q - 5*m = -12293, -4*m = q + q - 12298. What is the units digit of q?
9
Let z(w) = 7*w + 25. What is the tens digit of z(5)?
6
Let u(v) = -5*v**2 - v**2 - 9*v - 1 + 4*v**2 + 0*v**2. Let j be u(-4). Suppose -j*r - 2*r = -165. What is the tens digit of r?
3
Let l(x) = 4 + 0 + 104*x**2 + 0*x - 6 - 2*x. What is the units digit of l(-1)?
4
Let b(k) = 6*k**3 - 3*k**2 - 6*k + 6. Let x be b(4). Suppose -l + 394 = 5*c, -4*c + 5*l = 3*l - x. What is the tens digit of c?
7
Suppose -3*c + 834 = -3*g, 4*c - 1102 = -0*c - g. What is the units digit of c?
6
Let t = 726 - 472. What is the units digit of t?
4
Suppose 4*m = -4*m + 24. What is the units digit of 261/15 + (18/5 - m)?
8
Let c = 27 + -23. Suppose 15 + 78 = a - 2*x, -3*a - c*x = -249. What is the units digit of a?
7
Let t(n) = n**3 + 5*n**2 + 3*n + 6. Let m be t(-4). Let h(c) = 6*c - 3*c - 9979 + 9988. What is the tens digit of h(m)?
3
Let p(t) = -t + 2. Let v be p(1). What is the units digit of (-7 + v)*21/(-3)?
2
Let d be 6/12 - (-118)/4. What is the units digit of (18 + 0)*d/4?
5
Let w(q) = 19*q + 4. Let m be w(4). Suppose 3*s - m = 142. What is the tens digit of s?
7
Suppose 65 - 10 = 11*w. What is the hundreds digit of -2 + 0 + 6 - (-1210)/w?
2
Suppose 0 = 10*k - 5*k - 30. Suppose 5*c - x - 440 = -k*x, 4*x = -3*c + 261. What is the units digit of c?
1
Let x be (17/(-2))/((-11)/22). Suppose -3*y = b - 0*b - 5, -b + x = -y. What is the units digit of b?
4
What is the units digit of 5 - (2/(-4) + (-4310)/20)?
1
Suppose -12 = -16*y + 10*y. Suppose 0 = 5*s + y*l - 343, -2*s + 5*l + 13 = -130. What is the tens digit of s?
6
Let p(b) = b**2 - 17*b - 22. Let a be p(18). What is the units digit of 3 - (-96)/(0 - a)?
7
Suppose 0 = 4*s - 16. Let r(i) = -i**3 + 17*i**2 - 29*i - 8. Let q be r(15). Suppose -s*p + q*p = 87. What is the units digit of p?
9
Let b be (-6 + 2 + 4)/(-2). Suppose -j + 8 = -b*j. What is the units digit of (-486)/(-15) + j/(-20)?
2
Suppose -12198 = -5*t + 4*i - 257, 0 = 3*t + 2*i - 7169. What is the hundreds digit of t?
3
Let l(s) = -s**2 + 15*s + 2. Suppose 0*n + 10 = 2*n. Suppose 3*o + n*i - 64 = -0*o, -41 = -2*o - 3*i. What is the tens digit of l(o)?
2
Suppose 754 = -3*a - 2*v + 4041, 2*v + 4 = 0. What is the thousands digit of a?
1
Suppose 0 = -4*b + 2*b + 10, 2555 = 5*w + 5*b. What is the hundreds digit of w?
5
Suppose 2*r = 7 - 1. Let z = 1 + 45. Suppose -r*g = -z - 5. What is the tens digit of g?
1
Let f(u) = -u**3 - 8*u**2 - 2*u + 4. Let j be f(-8). Let p be 1/(-5) + (-296)/j. What is the units digit of (-381)/p + 2/(-5)?
5
Let y(i) = -2*i + 10. Let a be y(3). Suppose 0 = 5*z - a*h - 239, z - 200 = -3*z + h. What is the tens digit of z?
5
Let s = 1355 + -52. What is the thousands digit of s?
1
Suppose 4 = u - 93. Let n = -35 + u. What is the units digit of n?
2
What is the tens digit of 2/6*(-51624)/(-8)?
5
Let s(j) be the first derivative of 49*j**3/3 + j**2 + j + 8. What is the tens digit of s(-1)?
4
Let o = -2138 + 3806. What is the hundreds digit of o?
6
What is the hundreds digit of (-2)/(-6)*14*(-494880)/(-560)?
1
Let f = -951 - -2851. What is the tens digit of f?
0
Suppose 3*c = -5*h - 4, -5*c - 3*h - 2 = -3*c. Suppose 0 = c*v - 4*u - 4, 3*u - 2 = 5*u. What is the units digit of v + (0 - (-198)/3)?
6
Let b(t) = -7*t + 46. Let p be b(6). Suppose 900 = i + p*i. What is the hundreds digit of i?
1
Suppose h + 7 = v, -3*v + 5*h - h + 24 = 0. Suppose -8 = -2*j - 2*l, 0 = -j + v*j - 5*l - 28. Let b(m) = 2*m**2 - 5*m - 2. What is the units digit of b(j)?
0
Suppose -a - 31 = -5*w + w, 0 = w + 2*a - 19. Let o = w - 53. Let t = 65 + o. What is the units digit of t?
1
Let p = 1475 - 765. What is the units digit of p?
0
Suppose 22693 - 4925 = 8*q. What is the thousands digit of q?
2
Let k(m) = 30*m + 30. Let r be k(-6). Let s = r - -259. What is the tens digit of s?
0
Let k = 29 - 26. Let w(v) = 5*v**2 + 4*v + 7. What is the units digit of w(k)?
4
Let o be 5/(-50)*-5*10. Suppose -6*x + 49 = o*k - 2*x, 5 = 5*x. Suppose -2*g = -1 - k. What is the units digit of g?
5
Suppose 6*m = 3*m + 18. Let x be -15 + (2 - 20/12)*3. What is the tens digit of x/21 + 88/m?
1
Let x = 589 - 76. What is the tens digit of x?
1
What is the tens digit of -12*((-664)/(-18))/(16/(-48))?
2
Let f(b) = 9*b - 2. Let a be f(-3). Let c = -25 - a. Suppose c*g = g - 4*d + 52, -2*g + 36 = 2*d. What is the units digit of g?
0
Let c(r) = r**3 - 6*r**2 + 6*r - 10. Suppose -3 = -2*w + 9. Let d be c(w). Suppose -4*v = -2*v + 2*z - d, -v - 5*z + 5 = 0. What is the tens digit of v?
1
Suppose -6*k = -4164 - 6552. What is the hundreds digit of k?
7
Suppose 3*f - 791 = -4*l + 5364, 3*l + 3 = 0. What is the hundreds digit of f?
0
Let r(p) = p**3 - 6*p**2 - 6*p + 6. Let u be r(6). Let t be 2*1*u/(-12). Suppose -21 = -2*z - t*c, -4*c = 4*z - 6*c - 78. What is the tens digit of z?
1
Let h be (-2)/3*((-346)/4 + -2). Let j = -1 + h. What is the units digit of j?
8
What is the hundreds digit of 9 - (-35 + 0)*24?
8
Suppose 11*p - 2340 = 8*p. Suppose -y + p = 4*y. What is the hundreds digit of y?
1
Suppose 0*o + 48 = -o. What is the tens digit of (-2)/8 - 6/o*1018?
2
Let u(z) = -z**2 + 8*z - 3. Let w be u(-9). Let q = w - -220. What is the units digit of q?
4
Let p(y) = 4*y - 13. Let s be p(4). What is the tens digit of s - 0 - (-96)/2?
5
Suppose -3*q + 9 + 0 = 0. Let w be -4*((-5)/(-2) - q). Suppose 4*g + 36 = w*c, 3*c + 0*g = -4*g + 44. What is the units digit of c?
6
What is the hundreds digit of (8 - 0)*43 + (44 - 48)?
3
What is the units digit of 173 + -5 + 7 + 2 + -6?
1
Suppose 94*h - 107751 = 45*h. What is the hundreds digit of h?
1
Let n be 4/(-7) - (-76)/(-14). Let l = -6 - n. Suppose l = 4*d - 12, -3*p - d + 61 = -p. What is the tens digit of p?
2
Let i = 7 + -5. Let p(l) = l**2 - 3*l + 1. Let q be p(i). Let f = q - -3. What is the units digit of f?
2
Suppose 16 = 12*p + 1960. Let y = -126 - p. What is the units digit of y?
6
Let z(w) = w**3 - 10*w**2 + 11*w + 3. Let h be z(10). Let t be (4 - 83)/((-1)/(2 - 1)). Let n = h - t. What is the units digit of n?
4
Let y(x) = 44*x - 50. What is the tens digit of y(7)?
5
Suppose 0 = a - 3*w - 7 - 174, -4*w - 1335 = -7*a. What is the units digit of a?
3
Let d be 5 + -1 + (2 - 1). Suppose 3*j + 20 = d*q, 4*q = -5*j + 8 + 8. What is the units digit of (-446)/(-18) - q/(-18)?
5
Let k(y) = -2*y + 6. Let u(m) = -2. Let v(l) = 4*k(l) + 20*u(l). What is the tens digit of v(-10)?
6
Suppose 0 = -4*r + 3*d + 23, -2*r + 2*d + 21 = 9. What is the units digit of r?
5
Let p(o) = 5 - 2*o - 5. Let t be -4 + 54/14 + (-96)/14. What is the units digit of p(t)?
4
Let x(t) = -14 + 20*t - 13 + 21*t. Let y be x(-11). What is the tens digit of (-2)/(-8) - y/8?
6
Let v = 2424 + -2120. What is the tens digit of v?
0
Suppose m - 4 = 4*p, 3*m - 3 - 9 = -2*p. Suppose -5*k + q + 16 = 0, p*k = k - 5*q - 8. Suppose 0*d - k*d + 102 = 0. What is the units digit of d?
4
Let w(t) = -t + 9. Let n be w(4). Let p = n - 2. Suppose -r - p*r + 114 = 5*g, 3*r + 3*g = 87. What is the tens digit of r?
3
Let r be 3/(-12) + (-99)/(-12). Let t(i) = 10*i - 15. What is the units digit of t(r)?
5
Let f(z) = -z + 1. Let u(k) = -2*k + 4. Let m(r) = 8*f(r) - 3*u(r). Let h be m(-5). Let i(w) = w + 21. What is the tens digit of i(h)?
2
Suppose 4*a - a = 12, 3*v + 84 = 3*a. Let r be 168/16*v/(-7). Suppose 31*f - 35*f = -r. What is the units digit of f?
9
Let g = 6723 + -4013. What is the tens digit of g?
1
Let s = -26 - -24. What is the units digit of (4*s)/2 - (-77 - -2)?
1
Let t be (-4)/((-3)/((-12)/(-4))). Suppose b + 3 = k - 6, 0 = -2*k + t*b + 26. Suppose -k*d + 25 = -5. What is the units digit of d?
6
Let r = 12 - 10. Suppose 0 = -c - u - 29, 5*c - u = r*u - 153. What is the tens digit of (54/c)/((-2)/30)?
2
Suppose 12*b + 7402 = 15*b + c, -5*c + 2444 = b. What is the tens digit of b?
6
Let a be (-4)/((-3)/(-6)*-2). Let 